 remainder when 128 is divided by y?
33
Suppose 17*x + 2 = 18*x. Suppose -2*p - x*i = -19 + 3, -i = -p + 18. Calculate the remainder when 3 - (-43 - (2 - 2)) is divided by p.
7
Let p(b) = -87*b**2 + b + 1. Let y be p(-1). Calculate the remainder when (-14 + 15)*-25*-2 - (-10)/2 is divided by ((-14)/21)/(2/y).
26
Let j(y) = 5*y**2 - y. Let p = -446 - -446. Suppose p = -g - 3*o + 19, 4*g = -4*o + 42 + 10. What is the remainder when g is divided by j(1)?
2
Suppose 7*v - 9*v = 8. What is the remainder when 3 + 80 + v + -4 is divided by 4/(-6)*(-45 + 6)?
23
Let d = 3264 - 2678. Calculate the remainder when d is divided by 19.
16
Let k(f) = f**3 + 4*f**2 - 2*f - 2. Let d = 126 + -122. Suppose -3*z - 5*y = -75, 5*z + 0*y - 125 = -d*y. What is the remainder when z is divided by k(-3)?
12
Suppose 109 = 13*o - 1053 - 99. What is the remainder when 613 is divided by o?
31
Let a(s) = -s**3 - 7*s**2 + 4. Let d be a(-7). Let b(j) = 8 - 5*j + 2*j + 6 + d*j. Calculate the remainder when 27 is divided by b(-7).
6
Suppose -12*q + 21*q - 117 = 0. Suppose 6*v - 2242 = -q*v. What is the remainder when v is divided by 38?
4
Let z(c) = -15*c + 7*c**2 + 4 + 12 - 5*c**2 - c**2. Suppose -3*s - 83 = -5*k, 36 + 14 = 2*k + 3*s. What is the remainder when z(16) is divided by k?
13
Suppose 27*z - 2139 = 22*z - p, 3*z + 3*p = 1293. Calculate the remainder when z is divided by 4.
3
Suppose 0*f + 7*f = -12*f. Suppose -5*h + 259 - 761 = -3*a, 2*h - 8 = f. What is the remainder when a is divided by 30?
24
Let l(b) = 75*b + 5. Let h(v) = -113*v - 8. Suppose 7*d - 5 = -40. Let g(p) = d*h(p) - 7*l(p). What is the remainder when g(1) is divided by 16?
13
Let m = -2818 + 2924. Calculate the remainder when m is divided by 44.
18
Let v(d) = -52*d**3 + d**2 + 7*d - 17. Let r(j) = -17*j**3 + 2*j - 6. Let m(i) = -11*r(i) + 4*v(i). Calculate the remainder when m(-2) is divided by 43.
41
Calculate the remainder when 245 - -42 - 4*-1 is divided by 81.
48
Let v be (56/12 - 4)*3. Let a be ((-63)/v)/9*-2. Calculate the remainder when 162 is divided by (a - (8 + -4)) + 38.
39
Suppose 3*c + 6 = 5*x, -2*x - 5*c - 8 = 2. Suppose -3*f = 3*p - 93 - 0, x = 5*p - 5*f - 125. Calculate the remainder when 72 is divided by p.
16
Calculate the remainder when 240 is divided by 980/42 - 42/18.
9
Let l = 7 - -7. Let m = 1269 + -1253. Suppose 12*y = l*y - m. What is the remainder when 11 is divided by y?
3
What is the remainder when 2122 is divided by (-12)/14 - (-5 - (-540)/(-42))?
14
Suppose -5*r + 227 = u, -8*u + 13*u + 3*r - 1245 = 0. Calculate the remainder when u is divided by 32.
28
Let w(i) = 109*i**2 - 1403*i - 41. What is the remainder when w(17) is divided by 2532?
13
Let o be (-12024)/(-240) + (-1)/10. Suppose -2*x = -o - 114. Calculate the remainder when x is divided by 30.
22
Let t = 798 + -714. Calculate the remainder when ((-4)/(-12))/((-4)/(-2244)) is divided by t.
19
Suppose 0 = -35*l + 25*l + 80. Suppose 72 = -4*k + l*k. What is the remainder when 31 is divided by k?
13
Let d(f) = f**2 - 21*f - 51. Let l be d(31). Suppose -703 = -3*y - l. Calculate the remainder when y is divided by 30.
28
Suppose 5*l - 34*c + 32*c = 315, 3*l - 2*c = 193. Calculate the remainder when 615 is divided by l.
5
Suppose -5*v = 25, 4*v = 5*x + 59 - 254. Suppose 30*o + 20 = x*o. Suppose -4*s = -3*k + s + 454, o = 4*s. Calculate the remainder when k is divided by 39.
36
Suppose -22*a = 7*c - 19*a - 206, -5*a + 144 = 4*c. What is the remainder when 5482 is divided by c?
22
Let c(k) = -k**3 + 10*k**2 - 10*k. Let a = 296 + -288. What is the remainder when 236 is divided by c(a)?
44
Let o = 204 - 193. Suppose 249 + 389 = o*q. What is the remainder when 229 is divided by q?
55
Let l = 11 + -7. Suppose 2*b + 3*x - 7 = 0, -4*b = x - 15 - l. What is the remainder when 16 + (-1 + 3)*(-222)/148 is divided by b?
3
Let g be ((-2)/(-3))/(11/165). Suppose -5 - g = 5*y. What is the remainder when 25 is divided by 9/(45/50) - y?
12
Suppose 2*x - 4 = -2*m, 0*m = -5*m - 4*x + 11. Suppose 0 = -4*a + 4, 0 = -5*j + m*a - 2*a + 59. What is the remainder when j is divided by 6?
0
Suppose 122*o + 9*o - 2268 = 5*o. Calculate the remainder when o is divided by 4*(-1 + (-18)/(-8)).
3
Suppose 2528*v - 2519*v - 1890 = 0. What is the remainder when v is divided by (-5)/(-10)*(2 + -5 + 89)?
38
Let f(t) = 4 + 3*t + 1 + 14. Suppose 12 = 4*w, -w = q + 4*w - 15. Calculate the remainder when 37 is divided by f(q).
18
Let h(i) = -3*i + 3. Let w be h(2). Let k be (-40)/12 - (-2)/w. Calculate the remainder when 71 is divided by (k/3)/(9/(-81)).
11
Suppose 0 = 4*k - 25*k + 546. Calculate the remainder when 285 is divided by k.
25
Let b(i) = -12*i + 9. Let x(s) = -s + 3. Let v(a) = b(a) - 9*x(a). What is the remainder when 12 is divided by v(-9)?
3
What is the remainder when 16/(-24) + 4777/6 + 339/226 is divided by 31?
22
Let s = 231 - 229. Calculate the remainder when 106 is divided by s + 40/8 - -3.
6
Let t(a) = 2*a**3 - 2*a**2 - 3*a + 1. Let j = -578 + 586. Calculate the remainder when t(4) is divided by j.
5
Let r = -6828 + 6945. Calculate the remainder when r is divided by 46.
25
Let k = 1 + -27. Let b be (13/k)/((-1)/12). Suppose 2*r + 52 = b*r. Calculate the remainder when 37 is divided by r.
11
Suppose 2*k + 149 = -285. Let q = -195 - k. Calculate the remainder when 128 is divided by q.
18
Let k(f) = 9*f**2 + 77*f - 307. What is the remainder when k(4) is divided by 66?
13
Let p be (-2 - -3)/(4/60). Let t(f) be the first derivative of f**2 - 17*f + 12. Calculate the remainder when 63 is divided by t(p).
11
Suppose 3*x + 277 = 2*j, -3*j + 26*x = 22*x - 414. What is the remainder when j is divided by ((1 - -2) + 6)*5?
44
Let a(j) = j**3 + 3*j - 32. Calculate the remainder when 49 is divided by a(4).
5
Let p be 1/(5/17) + (-9)/(-15). Let f(y) = -4*y + 41. Calculate the remainder when f(p) is divided by 8.
1
Suppose 3*v - 890*s + 894*s - 406 = 0, -4*v - 5*s = -539. Let m = 102 + -69. Calculate the remainder when v is divided by m.
27
Let z(n) = 56*n + 199. Let p be z(-3). Suppose -2*f + 100 = 3*f. Let c = p - f. What is the remainder when 41 is divided by c?
8
Suppose -16 = -4*x - 8*j + 12*j, 5*x + j = 26. Suppose 0 = -x*h + w + 634, h - 2*w + 244 = 3*h. What is the remainder when (-10)/(-4)*15*h/175 is divided by 13?
1
Suppose -103*c + 3713 = -819. What is the remainder when 393 is divided by c?
41
Suppose 357 = 3*s + 3*q - 87, 0 = 3*s + 7*q - 408. Calculate the remainder when s is divided by 155.
2
Suppose -2*q + 2*w + 158 = 0, 413*q + 3*w = 409*q + 288. Suppose -4*k = 5*p - 1124, 0 = -2*p + k - 0*k + 447. Calculate the remainder when p is divided by q.
74
Let j(s) = -2*s + 31. Let d be j(9). What is the remainder when 62 is divided by d + 20/(5 - 0)?
11
Let t(f) = 7*f**2 - 13*f - 133. Calculate the remainder when t(12) is divided by 190.
149
Let h be (630/(-10))/(1*1/(-6)). Suppose l = 8*l - h. Suppose 51*m - 48*m - 15 = 0. Calculate the remainder when l is divided by m.
4
Suppose c + 5*z - 4 = 12, 0 = -2*c + 3*z + 71. Suppose x - 4*r = 16, 9*x + 4*r + 80 = 12*x. What is the remainder when x is divided by c?
1
What is the remainder when 166 is divided by (14 - -23) + (-17 + 5)/4?
30
Let l(c) = -358*c - 306. Calculate the remainder when 8808 is divided by l(-7).
8
Let o(d) = -d**3 + 8*d**2 + 8*d - 2. Let p be o(9). Let b(k) = -4*k - 10. Suppose 23*v - 17*v = 606. What is the remainder when v is divided by b(p)?
33
Let h be (-99)/(-22) + 1/2. Suppose 66 - 77 = -2*b + a, -5*a + 50 = h*b. Suppose -n - 2*n + 36 = 0. What is the remainder when n is divided by b?
5
Suppose -3*n = 6*y - y - 77, 0 = -3*y + 3. Calculate the remainder when (1 - -2)/(24/16) - -165 is divided by n.
23
Suppose -1048 - 340 = -40*a - 148. Calculate the remainder when 3314 is divided by a.
28
Let g = -1028 + 2014. Suppose 0 = 7*a - 449 - g. Suppose 0 = -17*z + 22*z - a. Calculate the remainder when z is divided by 11.
8
Suppose -4*s + 2397 = -2*p - 8291, -3*s - 2*p = -8016. Let x = 4323 - s. What is the remainder when x is divided by 118?
117
Suppose 1693 - 81 = 62*j. Calculate the remainder when 94 is divided by j.
16
Let s(c) = -6 + 9*c - 4*c + 2 - 6. Let v = 74 + -32. What is the remainder when v is divided by s(3)?
2
Calculate the remainder when 442 is divided by -22 + (3 - 